{"id":2350,"date":"2020-05-02T17:48:06","date_gmt":"2020-05-02T17:48:06","guid":{"rendered":"http:\/\/bambapolitica.com.mx\/?page_id=2350"},"modified":"2024-12-31T12:13:09","modified_gmt":"2024-12-31T18:13:09","slug":"deportes","status":"publish","type":"page","link":"https:\/\/bambapolitica.com.mx\/index.php\/deportes\/","title":{"rendered":"DEPORTES"},"content":{"rendered":"\n<h2 class=\"wp-block-heading\">El futbol que viene: saturado de torneos y con jugadores agotados<\/h2>\n\n\n\n<p>31 de Diciembre 2024<\/p>\n\n\n\n<p>La saturaci\u00f3n de partidos en los torneos de futbol esconde una realidad preocupante: el aumento de lesiones en m\u00e1s jugadores, debido a la imposici\u00f3n de fechas de la FIFA como organizador de competencias internacionales. El organismo, con sede en Z\u00farich, es se\u00f1alado de no realizar consultas sobre los recientes cambios efectuados en el calendario, entre ellos la introducci\u00f3n de un Mundial de Clubes con 32 equipos y 63 encuentros a final de temporada. Le\u00f3n, Monterrey y Pachuca est\u00e1n dentro de los participantes. Aunque se trata de una situaci\u00f3n in\u00e9dita, el caso del Am\u00e9rica y su tricampeonato en la Liga sirven de referencia para dimensionar la carga que est\u00e1 por venir en 2025.<\/p>\n\n\n\n<p>Las \u00c1guilas jugaron casi el m\u00e1ximo de duelos posibles (90), entre competencia local y copas internacionales, durante las tres campa\u00f1as anteriores. En el camino tuvieron bajas por fatiga muscular, desgarros, rotura de ligamento cruzado, pubalgia y fisuras en huesos. Expertos en ciencias del deporte advierten sobre esta creciente tendencia y sus implicaciones para el futuro.&nbsp;<q>Los directivos no tienen por qu\u00e9 consultarnos (la ampliaci\u00f3n de fechas), pero tampoco es algo nuevo que no exista una base fuerte para que se procure al jugador. Yo tuve una lesi\u00f3n en 2018 y me perd\u00ed un Mundial<\/q>, recuerda el ex seleccionado nacional N\u00e9stor Araujo.<\/p>\n\n\n\n<p>Un reciente informe de la Federaci\u00f3n Internacional de Futbolistas Profesionales (FIFPro), que representa a m\u00e1s de mil clubes en 33 pa\u00edses de todo el mundo, acus\u00f3 a las instancias rectoras de este deporte de poner en peligro la salud de sus agremiados. El propio mediocampista y seleccionado de Espa\u00f1a, Rodri, aludi\u00f3 a la posibilidad de hacer huelga para protestar contra las exigencias crecientes a las que se ven sometidos.&nbsp;<q>Las decisiones adoptadas por la FIFA han favorecido a sus propias competiciones y a sus intereses comerciales<\/q>, expres\u00f3 la FIFPro en un comunicado.&nbsp;<q>Las autoridades se niegan a escuchar y comprometerse con el principal recurso laboral de nuestra industria<\/q>.<\/p>\n\n\n\n<p>Expertos en ciencias del deporte advierten sobre esta creciente tendencia y sus implicaciones para el futuro.&nbsp;<q>El desgaste f\u00edsico en una temporada de alto nivel exige m\u00e9todos efectivos, dise\u00f1ados para el pre y post entrenamiento, adem\u00e1s de estar respaldados por d\u00e9cadas de investigaci\u00f3n cient\u00edfica<\/q>, advierte Mauricio Domenzainm, CEO de Immunotec, empresa de salud y bienestar que trabaja desde hace m\u00e1s de un a\u00f1o con el plantel americanista. La edici\u00f3n ampliada del Mundialito en Estados Unidos, entre junio y julio de 2025, y la continuidad de torneos amistosos como la Leagues Cup \u2013del 29 de julio al 31 de agosto\u2013 obligar\u00e1n a muchos jugadores a suspender su periodo vacacional.<\/p>\n\n\n\n<p>Todo esto ocurre un a\u00f1o antes de la Copa de 2026, organizada por Estados Unidos, Canad\u00e1 y M\u00e9xico, en la que la FIFA ampli\u00f3 por primera vez el listado de participantes de 32 a 48 equipos, lo que implica un mayor n\u00famero de encuentros en primera fase al haber 12 grupos de cuatro participantes. Ante el temor de las ligas nacionales de verse afectadas por la falta de sus mejores jugadores, el organismo se\u00f1al\u00f3 en julio la&nbsp;<q>hipocres\u00eda<\/q>&nbsp;de quienes prefieren aparentemente&nbsp;<q>un calendario repleto de giras de verano, que implican a menudo numerosos viajes por todo el planeta<\/q>.<\/p>\n\n\n\n<p>Como ocurre en torneos de Concacaf, la Champions League present\u00f3 este a\u00f1o cambios en su formato de competencia al crear la fase liga (antigua ronda de grupos), con la que los clubes enfrentar\u00e1n a un mayor n\u00famero de rivales y las ganancias por partido ampliar\u00e1n sus valores. En el caso de M\u00e9xico, los acuerdos comerciales firmados desde 2019 con la Major League Soccer han dado lugar a un sinf\u00edn de voces cr\u00edticas por la sobrecarga de viajes y compromisos de la Leagues Cup, Campeones Cup y otros cert\u00e1menes que s\u00f3lo garantizan estadios llenos en el pa\u00eds del norte.<\/p>\n\n\n\n<p>\u201cEstados Unidos nos ha utilizado para mejorar su futbol. Cuando nos superen dir\u00e1n: \u2018ya no necesito a M\u00e9xico y adi\u00f3s\u2019\u201d, recalc\u00f3 el ex futbolista Andr\u00e9s Guardado, cinco veces mundialista con la selecci\u00f3n mexicana. En el torneo que inicia el 10 de enero, Cruz Azul, Monterrey, Tigres, Guadalajara y Pumas combinar\u00e1n, adem\u00e1s de eso, su actividad con la Copa de Campeones de Concacaf, de febrero a junio, mientras se llevan a cabo las eliminatorias mundialistas rumbo a 2026, la Liga de Naciones en Concacaf y la UEFA.<\/p>\n","protected":false},"excerpt":{"rendered":"<p>El futbol que viene: saturado de torneos y con jugadores agotados 31 de Diciembre 2024&#8230;<\/p>\n","protected":false},"author":1,"featured_media":80284,"parent":0,"menu_order":0,"comment_status":"closed","ping_status":"closed","template":"","meta":{"footnotes":""},"class_list":["post-2350","page","type-page","status-publish","has-post-thumbnail","hentry"],"_links":{"self":[{"href":"https:\/\/bambapolitica.com.mx\/index.php\/wp-json\/wp\/v2\/pages\/2350","targetHints":{"allow":["GET"]}}],"collection":[{"href":"https:\/\/bambapolitica.com.mx\/index.php\/wp-json\/wp\/v2\/pages"}],"about":[{"href":"https:\/\/bambapolitica.com.mx\/index.php\/wp-json\/wp\/v2\/types\/page"}],"author":[{"embeddable":true,"href":"https:\/\/bambapolitica.com.mx\/index.php\/wp-json\/wp\/v2\/users\/1"}],"replies":[{"embeddable":true,"href":"https:\/\/bambapolitica.com.mx\/index.php\/wp-json\/wp\/v2\/comments?post=2350"}],"version-history":[{"count":236,"href":"https:\/\/bambapolitica.com.mx\/index.php\/wp-json\/wp\/v2\/pages\/2350\/revisions"}],"predecessor-version":[{"id":80285,"href":"https:\/\/bambapolitica.com.mx\/index.php\/wp-json\/wp\/v2\/pages\/2350\/revisions\/80285"}],"wp:featuredmedia":[{"embeddable":true,"href":"https:\/\/bambapolitica.com.mx\/index.php\/wp-json\/wp\/v2\/media\/80284"}],"wp:attachment":[{"href":"https:\/\/bambapolitica.com.mx\/index.php\/wp-json\/wp\/v2\/media?parent=2350"}],"curies":[{"name":"wp","href":"https:\/\/api.w.org\/{rel}","templated":true}]}}