{"id":2354,"date":"2020-05-02T17:48:41","date_gmt":"2020-05-02T17:48:41","guid":{"rendered":"http:\/\/bambapolitica.com.mx\/?page_id=2354"},"modified":"2024-12-31T12:22:13","modified_gmt":"2024-12-31T18:22:13","slug":"espectaculos","status":"publish","type":"page","link":"https:\/\/bambapolitica.com.mx\/index.php\/espectaculos\/","title":{"rendered":"ESPECT\u00c1CULOS"},"content":{"rendered":"\n<h2 class=\"wp-block-heading\">PolyMarchs, cierre estelar del a\u00f1o en el \u00c1ngel de la Independencia<\/h2>\n\n\n\n<p>31 de Diciembre 2024<\/p>\n\n\n\n<p>\u00a0M\u00e1s de 170 mil personas abarrotaron el Z\u00f3calo para disfrutar de los conciertos de acceso libre ofrecidos por la banda de rock Austin Tv y el cantante Chetes, quienes se presentaron este fin de semana. Ambas presentaciones fueron el cierre de la Verbena Navide\u00f1a 2024, organizada por la Secretar\u00eda de Cultura de la Ciudad de M\u00e9xico, que se realiz\u00f3 del 17 al 30 de diciembre.<\/p>\n\n\n\n<p><q>Buenas noches, esta vista est\u00e1 incre\u00edble \u00a1Les damos la m\u00e1s amorosa de las bienvenidas! Muchas gracias a todos por estar aqu\u00ed, es una manera incre\u00edble de terminar este a\u00f1o<\/q>, dijo Chiosan, tecladista de Austin Tv, al abrir el espect\u00e1culo musical a las 19:30 horas del domingo, entre ovaciones y aplausos.<\/p>\n\n\n\n<p>Con sus caracter\u00edsticas m\u00e1scaras, los integrantes de la banda de rock instrumental hicieron vibrar a las 90 mil personas reunidas en la plancha del Centro Hist\u00f3rico con&nbsp;<em>Roy Rogers<\/em>,&nbsp;<em>Caballeros del albedr\u00edo<\/em>,&nbsp;<em>Hasta las hifas<\/em>,&nbsp;<em>un Micelino<\/em>,&nbsp;<em>De la orqu\u00eddea y la avispa&nbsp;<\/em>y&nbsp;<em>Marduk<\/em>, entre otras.<\/p>\n\n\n\n<p>En la segunda parte de su presentaci\u00f3n, esta agrupaci\u00f3n formada en 2001 en la Ciudad de M\u00e9xico y considerada una de las m\u00e1s emblem\u00e1ticas del rock alternativo de la escena latinoamericana, hizo brincar al p\u00fablico al interpretar&nbsp;<em>Ana no te fall\u00e9<\/em>,&nbsp;<em>Voces iluminadas por sonrientes<\/em>,&nbsp;<em>Ella no me conoce<\/em>&nbsp;y&nbsp;<em>Sat\u00e9lite<\/em>.<\/p>\n\n\n\n<p>Con m\u00e1s de cinco producciones discogr\u00e1ficas, el conjunto continu\u00f3 la fiesta y estremeci\u00f3 al p\u00fablico con&nbsp;<em>Hazme sentir<\/em>,&nbsp;<em>M\u00e1quinas abstractas<\/em>,&nbsp;<em>Lo bonito de la muerte<\/em>&nbsp;y&nbsp;<em>El hombre p\u00e1nico<\/em>. El evento culmin\u00f3 con&nbsp;<em>Rucci<\/em>&nbsp;y&nbsp;<em>Dos tardes de mi vida<\/em>.<\/p>\n\n\n\n<p>Los ensambles emergentes Grito Exclamaci\u00f3n, con su punk contracultural, y Mengers, con su rock experimental, abrieron la velada.<\/p>\n\n\n\n<p>El s\u00e1bado, el cantante de rock mexicano Luis Gerardo Garza Cisneros&nbsp;<em>Chetes<\/em>, originario de Monterrey, reuni\u00f3 a m\u00e1s de 80 mil personas, a quienes cant\u00f3 los \u00e9xitos:&nbsp;<em>Arena<\/em>,&nbsp;<em>De nada me arrepiento<\/em>,&nbsp;<em>16 de febrero<\/em>,&nbsp;<em>Poco a poco<\/em>&nbsp;y&nbsp;<em>Volver\u00e1s<\/em>&nbsp;de su reciente disco&nbsp;<em>Polvo de estrellas<\/em>.<\/p>\n\n\n\n<p>Chetes, quien form\u00f3 parte de los grupos Zurdok y Vaquero como cantante y guitarrista hasta su lanzamiento como solista en 2006 con el disco&nbsp;<em>Blanco f\u00e1cil<\/em>, hizo arder el Z\u00f3calo al incluir en su&nbsp;<em>setlist<\/em>:&nbsp;<em>Que me maten<\/em>,&nbsp;<em>El sonido de tu voz<\/em>,&nbsp;<em>Por un amor<\/em>,&nbsp;<em>Cerca de ti<\/em>.<\/p>\n\n\n\n<p><em>Si t\u00fa no vuelves<\/em>&nbsp;y&nbsp;<em>Abre los ojos<\/em>, esta \u00faltima parte de su paso por Zurdok, fueron las canciones m\u00e1s coreadas por los miles de asistentes. Tambi\u00e9n interpret\u00f3&nbsp;<em>Azul oscuro<\/em>,&nbsp;<em>Querer<\/em>,&nbsp;<em>Completamente<\/em>&nbsp;y&nbsp;<em>Cu\u00e1ntos pasos<\/em>.<\/p>\n\n\n\n<p>El cantautor y productor, que cuenta con discos como&nbsp;<em>Hipnosis<\/em>,&nbsp;<em>Stereotipos<\/em>&nbsp;y&nbsp;<em>Odisea magn\u00e9tica<\/em>, cerr\u00f3 su presentaci\u00f3n con&nbsp;<em>Polvo de estrellas<\/em>&nbsp;y&nbsp;<em>Efecto domin\u00f3<\/em>.<\/p>\n\n\n\n<p>El Real Agasajo, banda mexicana que fusiona rock, funk y jazz, y el d\u00fao emergente de indie rock estadunidense Friend of a Friend, abrieron la presentaci\u00f3n de&nbsp;<em>Chetes<\/em>.<\/p>\n\n\n\n<p>De acuerdo con los organizadores, durante la Verbena Navide\u00f1a 2024 las personas disfrutaron de 16 funciones de pastorelas y 56 grupos, entre ellos: Ronda Bogot\u00e1, Rebeca Lane, Mono Blanco, H\u00e9ctor Infanz\u00f3n, Los Tecolines, Regina Orozco, Los Esp\u00edritus, Los Mirlos y La Perla.<\/p>\n\n\n\n<p>Destac\u00f3 la actuaci\u00f3n del conjunto norte\u00f1o Los Cadetes de Linares, que congreg\u00f3 a m\u00e1s de 30 mil asistentes.<\/p>\n\n\n\n<p>Adem\u00e1s de las veladas musicales, durante esta fiesta decembrina, la explanada principal del Centro Hist\u00f3rico tambi\u00e9n fue escenario de pastorelas, las presentaciones del grupo Mariachi del Instituto de la Juventud de la Ciudad de M\u00e9xico (Injuve), y la exhibici\u00f3n de bailes de sal\u00f3n.<\/p>\n\n\n\n<p>M\u00e1s de 200 mil visitantes nacionales y extranjeros disfrutaron de caminatas por los t\u00faneles con iluminaci\u00f3n LED, nieve artificial y \u00e1rboles de Navidad monumentales hechos con flores de nochebuena, instalados en el centro de la ciudad.<\/p>\n\n\n\n<p>Este 31 de diciembre, el sonido PolyMarchs cerrar\u00e1 el a\u00f1o en el \u00c1ngel de la Independencia, donde se espera una gran asistencia para despedir 2024. La pachanga iniciar\u00e1 a las 22 horas.<\/p>\n\n\n\n<p><a href=\"https:\/\/www.eluniversal.com.mx\/espectaculos\/irina-baeva-huye-de-aventurera-por-una-puerta-juan-osorio-confirma-su-salida-por-otra\/\"><\/a><\/p>\n","protected":false},"excerpt":{"rendered":"<p>PolyMarchs, cierre estelar del a\u00f1o en el \u00c1ngel de la Independencia 31 de Diciembre 2024&#8230;<\/p>\n","protected":false},"author":1,"featured_media":80290,"parent":0,"menu_order":0,"comment_status":"closed","ping_status":"closed","template":"","meta":{"footnotes":""},"class_list":["post-2354","page","type-page","status-publish","has-post-thumbnail","hentry"],"_links":{"self":[{"href":"https:\/\/bambapolitica.com.mx\/index.php\/wp-json\/wp\/v2\/pages\/2354","targetHints":{"allow":["GET"]}}],"collection":[{"href":"https:\/\/bambapolitica.com.mx\/index.php\/wp-json\/wp\/v2\/pages"}],"about":[{"href":"https:\/\/bambapolitica.com.mx\/index.php\/wp-json\/wp\/v2\/types\/page"}],"author":[{"embeddable":true,"href":"https:\/\/bambapolitica.com.mx\/index.php\/wp-json\/wp\/v2\/users\/1"}],"replies":[{"embeddable":true,"href":"https:\/\/bambapolitica.com.mx\/index.php\/wp-json\/wp\/v2\/comments?post=2354"}],"version-history":[{"count":225,"href":"https:\/\/bambapolitica.com.mx\/index.php\/wp-json\/wp\/v2\/pages\/2354\/revisions"}],"predecessor-version":[{"id":80291,"href":"https:\/\/bambapolitica.com.mx\/index.php\/wp-json\/wp\/v2\/pages\/2354\/revisions\/80291"}],"wp:featuredmedia":[{"embeddable":true,"href":"https:\/\/bambapolitica.com.mx\/index.php\/wp-json\/wp\/v2\/media\/80290"}],"wp:attachment":[{"href":"https:\/\/bambapolitica.com.mx\/index.php\/wp-json\/wp\/v2\/media?parent=2354"}],"curies":[{"name":"wp","href":"https:\/\/api.w.org\/{rel}","templated":true}]}}